git of g?
5
Suppose -195 = -39*q + 663. Suppose -q*a + 1965 = -7*a. What is the units digit of a?
1
Let s = 55 - 52. Suppose c = d - 6409, -5*c - 32045 = -4*d + s*d. What is the units digit of c/(-85) + 6/10?
6
Suppose -2*q - 18 = -3*m, m - 4*q + 0 = 6. Let y(z) = 518*z + 17. Let r be y(m). What is the tens digit of 6/(-21) - r/(-35)?
8
Let q(d) = 34*d**2 + 354*d + 418. What is the tens digit of q(-32)?
0
Let s(y) = -y**3 + y + 49*y - 18*y - 18*y + y**2. What is the units digit of s(-4)?
4
What is the units digit of (11 + (-138)/12)/(1/(-16054))?
7
Suppose -p = 8 - 5, -2*p = -h + 16. Suppose 0 = h*t + 19*t - 29. What is the units digit of t?
1
Let k be (3 - -21)*45/60. Suppose 1882 = k*y - 9152. What is the units digit of y?
3
Let w = -13 - -27. Let q be 65/9 - w/63. Let u(j) = 2*j**3 - 11*j**2 - 7*j + 5. What is the hundreds digit of u(q)?
1
Suppose 4*m - 4 = 3*p, 3*m = -17 + 2. Suppose -3*f - 112 = b - 0*b, -2*f = -3*b - 292. What is the units digit of (b/(-6)*-1)/(p/48)?
0
Let k = -49 + 43. Let i(f) = 29*f + 61. Let n(j) = 14*j + 31. Let g(q) = 2*i(q) - 5*n(q). What is the tens digit of g(k)?
3
Suppose -3*k + 4*i + 4116 = -2654, -i = 2*k - 4528. Suppose k = 25*o + o. What is the units digit of o?
7
Let n = 24 - 33. Let d(s) = 2*s**2 + 7*s - 5. Let k be d(n). Suppose 0 = -f + x + k, x = -2*f + 6*x + 191. What is the tens digit of f?
9
Let r be 2 + 22/(-8) - (-11557)/28. Suppose -r = 6*d - 7*d. What is the hundreds digit of d?
4
Suppose -107*i + 113*i = -1098. Let n = -162 - i. What is the tens digit of n?
2
Let a = 479 - 330. Let k = 357 + a. What is the units digit of k?
6
Suppose 41*b - 201564 = 5*b - 63*b. What is the hundreds digit of b?
0
Let y(k) = -10*k - 136. Let o(b) = -50*b - 677. Let a(t) = 2*o(t) - 11*y(t). What is the hundreds digit of a(14)?
2
Suppose 0 = 3*h + 2*h + 4200. Let i be ((-6)/(-18))/(1/(-15)). What is the hundreds digit of h/9*6/i?
1
Let j(a) = 65*a**2 + 178*a - 4384. What is the hundreds digit of j(26)?
1
Let o be (4735/(-10) - -5)*-2. Let z = o + -603. What is the tens digit of z?
3
Let r = -25701 + 62360. What is the thousands digit of r?
6
Suppose 5*l = -2*d + d + 4, -3*d - 4*l - 10 = 0. Let w be (-2)/d + 120/18. Let m(a) = 13*a + 12. What is the hundreds digit of m(w)?
1
Suppose -x - 6*l + 297 = -7*l, -1173 = -4*x - l. Suppose 3*j - 9*j = -x. What is the units digit of j?
9
Suppose 20*z = 29*z - 23355. Let m = z + -1839. What is the tens digit of m?
5
Suppose 0 = 162*k - 167*k + 3*t + 34, 2*k + 4*t - 24 = 0. Suppose -816 = g - 2*g. Suppose 0*n + k*n - g = 0. What is the units digit of n?
2
Let s(f) = 4794*f**2 - 2*f. What is the units digit of s(1)?
2
Suppose 11*p - 240094 - 46753 = 0. What is the hundreds digit of p?
0
Let v be (-32)/(-10) + -3 + (-36)/(-20). Suppose -2*f - f = 3, 4*z - 574 = v*f. What is the tens digit of z?
4
Let x(c) = c**2 + 7*c + 10. Let a be x(-8). Let t be (-1 - -1)/(a/2 - 7). Suppose i + t*i = 102. What is the hundreds digit of i?
1
Suppose 2*l = w + 1, w - 26 + 7 = -3*l. Suppose -28 = w*n + 1512. What is the hundreds digit of (6 - n) + 0/3?
2
What is the tens digit of 988/(-57) - -18 - 28036/(-3)?
4
Suppose 24238 = 5*w + 3*p, -36*p + 37*p = 4*w - 19370. What is the tens digit of w?
4
Suppose 75 = n + 2*b, -5*n + 126 = -5*b - 219. Let y = n - 52. Suppose y*q - 21*q + 132 = 0. What is the tens digit of q?
6
Suppose 2*x = 1 - 11, 4*k - 239 = 3*x. Let r be (1 + 1)/(28/k). Suppose 30 = q + 3*y, 2*q + r*y - 110 = -q. What is the units digit of q?
2
Let n(f) = 121*f**2 + 79*f - 1679. What is the thousands digit of n(19)?
3
Let j(r) = 16*r**2 + 3*r + 7. Let v be j(-2). Suppose 14*g - v = -23. Suppose -g*s + 546 = 11*h - 14*h, -s - 4*h = -157. What is the hundreds digit of s?
1
Let n be 3094/(-68)*24/(-14). Suppose -12*j = -14*j + n. What is the units digit of j?
9
Let p(v) = -37*v + 23. What is the thousands digit of p(-86)?
3
Let d(n) = n**2 + 18*n - 17. Let q(t) = 11*t**2 - 3*t - 3. Let i be q(-2). Suppose -3 = -2*w - i. What is the tens digit of d(w)?
7
Let x(y) be the third derivative of 7*y**4/12 + 59*y**3/6 + 46*y**2. What is the hundreds digit of x(20)?
3
Let b = 138 + -127. Let o(w) = 7*w**2 - 24*w - 4. Let c be o(b). Suppose 0*v - c = -3*v. What is the tens digit of v?
9
Let l be (1/(-2))/(6/36) + 3. Suppose 5*q = -2*s + 479, -s + l*q = 2*q - 240. What is the tens digit of s?
4
Let p be 1 + 3 + -6 + -1. Let k(m) = -16*m**3 + 3*m**2 + 11*m. Let a be k(p). Let c = a - 145. What is the tens digit of c?
8
Let t(w) = -10*w + 4. Let c be t(-7). Suppose -522*z + 8 = -514*z - 32. Suppose 7*k = z*k + c. What is the units digit of k?
7
Let l(m) = m**2 - 22*m + 42. Suppose 42 = q + 6*q. Let o(k) = k**2 - k - 9. Let p be o(q). What is the units digit of l(p)?
1
Suppose k = v + 3*v + 30581, -k + 30566 = -v. What is the ten thousands digit of k?
3
What is the thousands digit of (26/(-39))/(1*(-2)/(-3))*-14162?
4
Let y = -39507 + 56757. What is the tens digit of y?
5
Suppose 0 = 3*x - 5 + 8. What is the tens digit of 60 - 6*2/(-6)*x?
5
Suppose 4 = 2*r, b - 8*r - 2425 = 151. What is the hundreds digit of b?
5
Let r(l) = 4*l**2 - 620*l + 2480. What is the units digit of r(4)?
4
Suppose -4*x + 2*h + 98882 = 0, 24728 = 19*x - 18*x - 3*h. What is the tens digit of x?
1
Let b(n) = 160*n - 68. Let q be b(4). Let p = q + -282. What is the hundreds digit of p?
2
Let t(k) = -2*k**3 - 6*k**2 + 16*k. Let o(p) = -4*p**3 - 12*p**2 + 33*p. Let l(w) = -2*o(w) + 5*t(w). What is the hundreds digit of l(-8)?
5
Suppose -u + 5*g = 11, -11 = -4*g + 1. Let n(a) = 16*a**2 - 8*a + 20. What is the tens digit of n(u)?
4
Suppose -3*o - 5*j = 19, 4*o + 0*j - 2*j + 8 = 0. What is the tens digit of ((-680)/(-16))/(3/((-72)/o))?
4
Let z(v) = -7*v - 21. Suppose 134*k - 140*k - 54 = 0. What is the tens digit of z(k)?
4
Suppose 0 = -267*m - 3996761 + 10342849 + 6886966. What is the ten thousands digit of m?
4
Suppose n - 225 = 3*k, 0 = n + 4*n + k - 1125. Let i = -345 + n. Let v = i + 304. What is the tens digit of v?
8
What is the units digit of 1397331/(-702)*-8*3?
2
Let d(n) = 3*n - 15*n - 79 + 9*n - 37*n. What is the units digit of d(-7)?
1
Suppose -3*b = -4*u + 418, 0*b = 5*u - b - 517. Suppose -3*h + 122 = 3*i - u, -3*i + 217 = 5*h. What is the units digit of i?
9
Let h = 516 - 513. What is the tens digit of h*(-16535)/(-60) - (-3)/(-4)?
2
Let i = 321 + -318. Let r(w) = 616*w - 109. What is the hundreds digit of r(i)?
7
Let k be (-28)/(-12) + (-4)/12. Suppose 5*j - k*j - 9 = 0. Suppose j*o = o + 88. What is the tens digit of o?
4
Suppose 0 = 5*l - 3*b + 2628 + 2025, -5*b - 20 = 0. Let c = 2341 + l. What is the hundreds digit of c?
4
Suppose 78*o = 619590 + 665928. What is the hundreds digit of o?
4
Suppose -2*k + 5*a + 376 = 0, 17*k = 13*k + 3*a + 780. Let b = 4 - -3. Let j = k - b. What is the units digit of j?
1
Let v be (-3)/(6/1520)*4/5. Let j be 2 + (-5 - v) + 5. Let g = j + -353. What is the hundreds digit of g?
2
Let c = -25122 - -36923. What is the tens digit of c?
0
Suppose -v - 134350 = 73*v - 345324. What is the thousands digit of v?
2
Let r(u) = 96*u**2 + 107*u + 444. What is the ten thousands digit of r(-14)?
1
What is the thousands digit of 30413 + ((-30)/24)/((-7)/56)?
0
Let m be 918/(-21) - (-4)/(-14). Let r = -40 - m. Suppose -6*k = 2*q - k - 195, -4*k = -r. What is the units digit of q?
5
Let k = 43 + -40. Suppose x - 4*x = -24. Suppose k*h + 155 = x*h. What is the tens digit of h?
3
Suppose -23*w - 85425 = -331502. Suppose -779 = 8*l - w. What is the thousands digit of l?
1
Let m = 1220 + -426. Let q = m - 338. What is the units digit of q?
6
Let t = 326 + -6. What is the units digit of 6002/14 - (-6 - t/(-56))?
9
Let v = 94 + -1315. Let x = -583 - v. What is the units digit of x?
8
Let m(z) = 5*z**3 - 81*z + 88 - 3*z**3 - 4*z**3 + 5*z**3 - 4*z**3 + 40*z**2. What is the thousands digit of m(37)?
1
Let n = -16864 - -27951. What is the thousands digit of n?
1
Let x be 84/39 - 20/130. What is the thousands digit of (-811483)/(-549) - x/18?
1
Suppose -3*f - 6 = 3*k, -5*k + 9*f - 46 = 5*f. Let l(n) = -61*n - 78. What is the units digit of l(k)?
8
Let n(x) = 90*x**2 + 4*x - 12. Let g(c) = 4*c**2 + 13*c + 6. Let v be g(-3). What is the tens digit of n(v)?
1
Let q(j) = 4*j**2 + 6. Let l be q(0). Let y(s) = 0 + 